1).
-1
Let u(q) = -q**2 - 7*q + 3. Determine u(-5).
13
Let k(o) = 6*o + 4. What is k(-2)?
-8
Let v(w) = -20*w - 300. Determine v(-18).
60
Let g(l) = -l + 13. Determine g(0).
13
Let r(l) = 2*l**3 + 27*l**2 + 13*l + 2. What is r(-13)?
2
Let z(x) = -3*x**2 + 7*x + 5. Determine z(-1).
-5
Let s(t) = t + 14. Calculate s(-25).
-11
Let f(j) = 3*j - 65. Give f(26).
13
Let n(m) = m**3 + 5*m**2 - 10*m - 2. Calculate n(-7).
-30
Let k(c) = 4*c - 52. Give k(15).
8
Let n(b) = -3*b**2 - 2*b + 1. Calculate n(4).
-55
Let r(h) = h + 17. Give r(-18).
-1
Let o(x) = x + 20. What is o(-13)?
7
Let i(p) = -p**2 + 16*p - 46. What is i(4)?
2
Let n(u) = 14*u**2 + 38*u - 10. Determine n(-3).
2
Let o(d) = -d**2 - 18*d - 3. What is o(-18)?
-3
Let v(n) = -13*n + 1. Give v(-1).
14
Let x(u) = u**2 + 10*u + 17. Give x(0).
17
Let c(o) = o**2 - 9*o + 17. What is c(7)?
3
Let k(b) = 11*b**2 - b - 1. Determine k(2).
41
Let n(j) = 3*j**2 + 4*j - 2. What is n(-4)?
30
Let h(f) = -f**3 + 44*f**2 + 46*f - 49. Give h(45).
-4
Let z(a) = -a**3 + 6*a**2 + 10*a - 17. What is z(8)?
-65
Let j(q) = q**3 - 15*q**2 - 16*q + 8. Give j(16).
8
Let q(f) = -2*f**2 + 2. Give q(0).
2
Let w(m) = m**2 - 16*m - 44. Calculate w(18).
-8
Let f(p) = -p**3 + 26*p**2 + 51*p + 140. What is f(28)?
0
Let j(m) = -5*m + 146. What is j(24)?
26
Let r(o) = 2*o**2 - 35*o - 2. Calculate r(17).
-19
Let n(k) = 20*k**2 + 2*k - 2. What is n(2)?
82
Let n(q) = q**3 - 14*q**2 - 32*q + 7. Determine n(16).
7
Let k(p) = -3*p**2 - 98*p - 50. What is k(-32)?
14
Let w(v) = -14*v - 44. What is w(-3)?
-2
Let c(i) = -2*i**3 + 24*i**2 - 25*i + 16. Give c(11).
-17
Let h(u) = -u**2 + 8. Determine h(0).
8
Let w(h) = -59*h + 240. What is w(4)?
4
Let p(v) = 4*v**2 - 2*v - 1. Determine p(-1).
5
Let s(o) = 6*o**2 - 19*o + 6. What is s(4)?
26
Let q(m) = m**3 - 5*m**2 - 9*m + 10. Give q(6).
-8
Let m(d) = -d**2 + 14*d + 129. Give m(20).
9
Let b(o) = o**2 + 29*o + 97. Determine b(-4).
-3
Let r(d) = -9*d**2 + 8*d + 12. Give r(-2).
-40
Let i(z) = -z**3 + 7*z**2 - 7*z + 17. Determine i(8).
-103
Let b(y) = -2*y**2 - y + 7. Give b(0).
7
Let n(l) = 5*l + 79. Give n(25).
204
Let k(f) = f**3 + 11*f**2 - 12*f - 3. Determine k(-12).
-3
Let c(l) = l**3 + 2*l - 5. Give c(2).
7
Let o(j) = -j**3 - 20*j**2 - 17*j + 38. Calculate o(-19).
0
Let u(z) = z - 3. Determine u(0).
-3
Let i(g) = -g**2 + 14*g + 23. Give i(15).
8
Let t(o) = o**3 + 11*o**2 - 2*o + 3. What is t(-11)?
25
Let m(t) = 13*t + 5. Calculate m(-3).
-34
Let t(w) = -w**2 + 5*w + 4. What is t(5)?
4
Let u(l) = -14*l**2 + 1. What is u(-1)?
-13
Let k(h) = h**3 - 52*h**2 - 53*h + 51. Give k(53).
51
Let o(n) = n**2 - 6*n + 11. What is o(4)?
3
Let i(l) = -l**2 + 120*l - 242. Calculate i(2).
-6
Let w(o) = o**3 + 3*o**2 - o + 13. Give w(-4).
1
Let p(j) = j**3 + 10*j**2 + 24*j + 12. What is p(-8)?
-52
Let h(y) = -21*y**2 + 5*y - 3. Give h(1).
-19
Let p(b) = 12*b - 3. Give p(2).
21
Let x(o) = -6*o - 41. Give x(-9).
13
Let l(b) = b**3 - 13*b**2 + 35*b - 277. What is l(12)?
-1
Let d(b) = b - 92. Calculate d(0).
-92
Let l(o) = o**2 + 4*o + 8. Determine l(-5).
13
Let m(t) = -t**2 - t + 3. Give m(-2).
1
Let c(v) = 5*v + 67. Determine c(-15).
-8
Let x(i) = -4*i + 5. Give x(-6).
29
Let l(z) = -z**2 + 8*z + 1. What is l(7)?
8
Let f(x) = -15*x + 141. Determine f(9).
6
Let m(z) = -7*z - 209. Determine m(-31).
8
Let b(w) = -134*w - 543. Determine b(-4).
-7
Let l(a) = a**3 + 2*a**2 - 16*a + 2. Give l(-7).
-131
Let i(z) = 3*z**2 - 4*z - 7. What is i(-3)?
32
Let k(f) = 6*f - 1. Give k(-4).
-25
Let a(t) = -t**3 + 7*t**2 + t - 10. Determine a(6).
32
Let s(b) = b**3 - 13*b**2 + 9*b + 6. Calculate s(12).
-30
Let k(w) = 7*w - 11. Calculate k(5).
24
Let s(z) = -24*z + 1. What is s(-2)?
49
Let z(t) = -5*t - 2. Determine z(-9).
43
Let j(w) = -w**3 - 14*w**2 - 10*w + 47. Calculate j(-13).
8
Let v(s) = -52*s + 674. Give v(13).
-2
Let f(u) = u**3 - u**2 - 2*u - 7. Calculate f(-3).
-37
Let x(y) = 26*y - 48. What is x(2)?
4
Let b(q) = -2*q**2 + 5*q. Calculate b(-5).
-75
Let p(b) = -6*b + 7. Determine p(-3).
25
Let c(v) = -v**3 + v**2 + 5*v - 4. Give c(2).
2
Let w(b) = 5*b**2 + 4*b - 10. Calculate w(0).
-10
Let z(m) = m**3 + 7*m**2 - 3*m - 2. Calculate z(-7).
19
Let n(q) = -q**3 - 8*q**2 + q - 3. Determine n(-8).
-11
Let c(k) = 4*k + 3. Calculate c(2).
11
Let j(d) = -3*d**3 + 119*d**2 + 166*d - 84. What is j(41)?
-2
Let o(s) = 2*s + 58. Calculate o(0).
58
Let h(u) = -u**3 - 6*u**2 - 2*u - 14. Give h(-6).
-2
Let x(h) = h**2 - 7*h - 4. What is x(8)?
4
Let t(n) = -9*n + 39. What is t(5)?
-6
Let w(i) = 19*i - 158. Calculate w(8).
-6
Let c(s) = -s**2 - 2*s + 5. Calculate c(-5).
-10
Let n(x) = x**3 - 4*x**2 - 3*x + 2. What is n(4)?
-10
Let r(g) = 10*g - 6. Give r(4).
34
Let r(p) = -8*p - 4. Give r(-3).
20
Let b(u) = -u**2 + 6*u - 15. Give b(10).
-55
Let x(k) = k**3 + 15*k**2 - 8*k - 113. Give x(-15).
7
Let p(z) = z**3 - 24*z**2 + 43*z + 28. What is p(22)?
6
Let g(p) = -3*p**2 - 7*p + 8. Calculate g(-6).
-58
Let o(z) = -6*z**3 + 2*z**2 - 3. Calculate o(-2).
53
Let y(k) = -24*k - 164. Calculate y(-7).
4
Let h(x) = -x**2 + 48. Give h(9).
-33
Let q(n) = n**3 + 11*n**2 - 14*n + 11. Give q(-12).
35
Let z(v) = v**3 - 8*v**2 + 2*v - 3. Give z(6).
-63
Let n(q) = -q**3 + 2*q**2 - 2*q - 5. Give n(3).
-20
Let y(z) = -9*z - 7. Calculate y(-8).
65
Let z(l) = -l**3 - 7*l**2 - 12*l - 43. Determine z(-6).
-7
Let y(q) = q**3 + q**2 - q + 8. What is y(-5)?
-87
Let c(f) = -4*f**2 + 2*f - 1. What is c(1)?
-3
Let w(z) = 2*z**3 + 2*z**2 + z + 1. What is w(-2)?
-9
Let s(w) = -w**2 + 18*w + 147. What is s(24)?
3
Let l(v) = 7*v. Determine l(1).
7
Let x(h) = h**2 - 7*h - 14. Calculate x(9).
4
Let r(d) = 10*d + 1. Calculate r(1).
11
Let r(n) = 2*n**2 + 47*n - 28. Give r(-24).
-4
Let b(z) = z**2 + 14*z - 122. Give b(6).
-2
Let y(f) = f**3 - 63*f**2 - 68*f + 269. Calculate y(64).
13
Let h(d) = -d**2 + 123*d - 580. Give h(5).
10
Let j(r) = 6*r + 10. Give j(-2).
-2
Let l(c) = -376*c - 1882. Calculate l(-5).
-2
Let z(p) = -p**3 - 15*p**2 + 3*p + 13. Calculate z(-15).
-32
Let a(t) = t**2 - 8*t + 8. Give a(6).
-4
Let f(v) = 68*v**2 - 2*v + 1. Give f(1).
67
Let i(a) = -a**3 - 5*a**2 - a - 5. Give i(-5).
0
Let t(p) = 6*p + 20. Calculate t(-4).
-4
Let c(b) = b**2 + 6*b + 6. What is c(-7)?
13
Let i(q) = q + 84. Determine i(-27).
57
Let c(j) = -4*j**2 + 62*j - 138. Calculate c(13).
-8
Let x(z) = z**2 - 5*z + 1. Calculate x(-4).
37
Let b(l) = 4*l**3 - l**2 + 2. Determine b(2).
30
Let l(t) = 2*t**3 + 17*t**2 - 18*t. Calculate l(1).
1
Let c(k) = 22*k + 7. Give c(3).
73
Let t(v) = v**2 - 11*v + 20. Determine t(8).
-4
Let d(x) = x**3 - 7*x**2 - x - 2. Determine d(7).
-9
Let t(v) = v**2 - 21*v + 53. Determine t(19).
15
Let v(i) = -i**2 - 9*i + 16. Determine v(-10).
6
Let r(u) = -u + 24. What is r(7)?
17
Let l(g) = -g**3 + 10*g**2 + 2*g - 10. Give l(10).
10
Let c(u) = -u**3 - 6*u**2 + 6*u - 1. Calculate c(-7).
6
Let v(p) = p**3 + 2*p**2 + 2*p + 4. Determine v(-3).
-11
Let t(o) = -2*o**3 + 46*o**2 + 2*o - 39. What is t(23)?
7
Let r(k) = k**3 - 3*k**2 - 3*k - 3. Give r(4).
1
Let l(s) = -s**3 + 7*s**2 + 7. What is l(7)?
7
Let z(k) = -k**3 + 8*k**2 - 5*k - 10. Give z(7).
4
Let u(p) = p**3 - 11*p**2 + 13*p. Give u(10).
30
Let p(a) = -a**3 + 30*a**2 - 56*a - 45. Give p(28).
-45
Let o(x) = x**3 - 10*x**2 - 2*x - 83. Determine o(11).
16
Let y(t) = -t**2 + 38*t + 221. What is y(43)?
6
Let k(r) = -11*r + 30. Give k(7).
-47
Let z(p) = -p**2 - 18*p + 8. Determine z(-18).
8
Let n(q) = -2*q**2 - 7*q - 19. What is n(-5)?
-34
Let f(w) = -w**3 + 9*w**2 - 10*w + 13. What is f(6)?
61
Let r(x) = x**3 - 5*x**2 + 5*x - 6. Give r(4).
-2
Let z(t) = -t**2 + 7*t + 1. Determine z(2).
11
Let q(d) = d**2 - 10*d + 20. Calculate q(8).
4
Let i(y) = -3*y. What is i(-2)?
6
Let g(l) = l**2 - 5*l - 21. Determine g(-6).
45
Let n(r) = -r**3 + 11*r**2 - 22*r + 110. Give n(10).
-10
Let h(o) = o**2 - 3*o - 23. Give h(6).
-5
Let l(k) = k + 4. Calculate l(-7).
-3
Let a(d) = d**3 - 3*d**2 + 3*d + 5. What is a(4)?
33
Let b(x) = 4*x**3 - 2*x**2 - 2*x - 3. What is b(-2)?
-39
Let o(f) = -4*f - 101. Determine o(-26).
3
Let v(o) = -23*o**2 - 1. Calculate v(-1).
-24
Let r(h) = -6*h - 10. Give r(-11).
56
Let k(t) = t**3 + t**2 - 24*t + 10. Give k(4).
-6
Let w(b) = -79*b**2 + b - 1. Determine w(1).
-79
Let y(a) = -a**3 + 2*a**2 + 4*a - 6. Det